visor of 2 and h.
1
Let u be (96/18)/((-2)/(-15)). Suppose 4*y - 2*g = 36, 5*y - 48 = -0*y + g. What is the highest common divisor of y and u?
10
Let c(y) = -2*y**2 + y + 26. Let h be c(0). What is the greatest common divisor of 13 and h?
13
Suppose -4 = f - 5*o + 2, -o = f + 6. Let p be f/(-27) - 79/(-9). Suppose 0 = -w + 66 + 6. Calculate the greatest common divisor of w and p.
9
Let o = -33 + 72. Calculate the highest common divisor of 13 and o.
13
Suppose 2*n = -4*k - 2, 6*k - 4*n - 24 = 4*k. Suppose k*a - t - 301 = -0*a, -4*a - t = -617. What is the highest common divisor of a and 17?
17
Let n = 1 + -3. Let z be 2 + n*(-1)/1. Suppose -4*j + 53 - 9 = -5*w, -3*w - 20 = -2*j. Calculate the highest common divisor of z and j.
4
Let w be (-9)/(-15) + 767/5. Suppose -36 = -3*i + 5*c + 21, 3*i + 5*c = 27. What is the highest common factor of i and w?
14
Let x = -27 - -43. Let r = 0 + x. What is the highest common factor of r and 40?
8
Let t(w) = -w**3 + 13*w**2 - w + 16. Let r be t(13). What is the highest common divisor of r and 18?
3
Let m(u) = u**2 - 5*u + 4. Let d be m(5). Let v = 7 - d. Let i(c) = c**2 - c. Let h be i(v). Calculate the greatest common factor of h and 12.
6
Let o be (36/14)/((-1)/(-7)). Let r be (2 - 1) + 1 + -2. Suppose -3*z + 8*z - 720 = r. Calculate the greatest common divisor of z and o.
18
Let s = 72 + -55. What is the highest common divisor of s and 17?
17
Let y(n) = -n**3 + 2*n**2 + 4*n - 1. Let i be y(3). Let u be (-3 + 6)*(-2)/3. Let x be (u + 1 - -2) + 21. What is the greatest common divisor of x and i?
2
Let o = 11 - -7. Let r(x) = -8*x - 4. Suppose 3*i = -u - 20, -12 = i + 2*u + 3. Let t be r(i). What is the greatest common divisor of o and t?
18
Let q be ((-1)/(-3))/(17/2601). What is the greatest common factor of q and 68?
17
Let d(b) = -3*b - 5. Let t be d(-10). Calculate the highest common factor of 175 and t.
25
Suppose 5*l - 12 = 3. Let q = l + 107. What is the highest common divisor of 44 and q?
22
Let a(m) = m**3 - 18*m**2 - 15*m. Let o be a(19). Calculate the greatest common divisor of o and 19.
19
Suppose 5*a - 71 = 49. Suppose h - j + 3*j - a = 0, j + 30 = h. What is the greatest common factor of h and 70?
14
Suppose 2 = -3*o + 4*o. Suppose 0 = -o*g - 0 + 4. Calculate the highest common factor of g and 22.
2
Suppose -r + 26 = r. Let z(q) = 5*q + 1. Let l be z(1). Suppose -4*j + 2*j = u - 9, l = -3*j. Calculate the highest common factor of u and r.
13
Suppose 0 = -4*m - 12, 3*j + j + 4*m - 28 = 0. What is the greatest common factor of j and 30?
10
Let j(u) = -2*u - 3. Let w be j(-4). Suppose 1 = w*c - 4. Let d(f) = 13*f - 1. Let z be d(c). Calculate the highest common factor of z and 84.
12
Let z = 101 - 70. What is the greatest common factor of z and 155?
31
Suppose 6*f - 2952 + 576 = 0. Calculate the highest common divisor of f and 36.
36
Let q = -52 + 132. Suppose 4*m = 0, -2*m - 72 - 8 = -5*b. What is the highest common divisor of b and q?
16
Let w = 109 + -76. Calculate the greatest common factor of 22 and w.
11
Suppose -15*g + 335 = -295. What is the greatest common divisor of g and 105?
21
Let u(d) = -13*d - 6. Let f be u(-2). What is the highest common divisor of 180 and f?
20
Let h = -17 + 77. What is the highest common divisor of 40 and h?
20
Let i be (5*16)/1 + -1. Suppose 5*k = 239 - 44. Let l = i - k. Calculate the greatest common factor of l and 16.
8
Let c(z) = 10*z - 14. Let r be c(5). Calculate the greatest common divisor of r and 12.
12
Suppose 5*z + 75 = 5*v, -3*v - 15 = -4*v - 5*z. What is the greatest common divisor of 120 and v?
15
Let o(y) = -40*y - 6. Let a be o(-1). What is the highest common factor of 119 and a?
17
Suppose 4*x = 5*r - 93, -4*r + 5*x + 94 - 25 = 0. Let l = -69 - -132. Calculate the greatest common factor of r and l.
21
Let v = -1 - -1. Let c(z) = z + 1. Let a(j) = 5*j + 1. Let t(u) = -a(u) + 4*c(u). Let r be t(v). What is the highest common divisor of r and 12?
3
Let l = -19 + 37. Let u(z) = 37*z**3 - z**2 + z. Let c be u(1). Let i be (1 - 1) + -1 + c. What is the greatest common divisor of i and l?
18
Suppose -4*s + 272 = -128. Calculate the highest common divisor of 25 and s.
25
Suppose -q = -5*k + 29, 2*k + 32 = -q + 3. Let d = 85 + q. What is the highest common factor of d and 14?
14
Let i be (-2)/(-4)*(23 - -15). Calculate the highest common factor of 19 and i.
19
Let y(p) = 55*p**2 + p + 2. Let j be y(-1). What is the highest common factor of 7 and j?
7
Let n(m) be the third derivative of m**5/60 + m**4/24 - m**2. Let z be 1*(0 + 1)*-2. Let h be n(z). Calculate the greatest common divisor of 12 and h.
2
Let z(t) = -t**3 + 9*t**2 + 3*t + 13. Let q be z(9). Calculate the greatest common factor of q and 80.
40
Suppose k - 2*u - 26 = -u, -4*u + 8 = 0. Calculate the highest common divisor of 7 and k.
7
Let l = 14 - 22. Let x = 2 - l. What is the highest common factor of x and 30?
10
Let z = -12 + 17. Suppose -n + 4 = z, -5*k = n - 59. Calculate the greatest common divisor of 6 and k.
6
Suppose -t - 265 = z - 4*z, 4*z - 355 = t. What is the highest common factor of z and 9?
9
Suppose 14 = 2*f + 5*v, 5*f - 5*v + v = 2. Suppose 4*t - 2*x - 282 = 0, -5*t + x + 363 = f*x. Let u = 9 + -1. Calculate the highest common divisor of t and u.
8
Let y be -26 + 81 - (-10)/(-2). Calculate the highest common divisor of y and 200.
50
Let n(k) = 82*k**2 - 1. Let t be n(1). Suppose y = -3*p + 93, 4*p - 3*y = p + t. Let w = -12 + 17. Calculate the greatest common factor of w and p.
5
Suppose 0 = -2*u + u + 9. Suppose 2*j + j = 18. Calculate the highest common factor of u and j.
3
Let z be 75/65 - 2/13. Suppose y + z = 6. What is the highest common factor of 35 and y?
5
Let g be (2/(-4))/((-1)/(-4)). Let p be (-3)/((-1)/(g - 3)). Let c = -8 - p. What is the greatest common divisor of 77 and c?
7
Let n(k) = 2*k + 28. Let w be n(-9). Calculate the highest common factor of 110 and w.
10
Let v(t) = 5*t**2 - 2*t - 3. Let r be v(-3). Let n be -1 + 9 + 2 + -1. Let c be n*(2 + (-4)/3). Calculate the highest common factor of c and r.
6
Suppose -3*a + 121 = 1. What is the greatest common divisor of a and 20?
20
Let c(x) = -x**2 - 10*x + 5. Suppose -8 = -a - a. Suppose z + z + 14 = -4*d, -3*d - 3 = a*z. Let y be c(d). What is the greatest common divisor of 20 and y?
10
Suppose -4*g - 34 = -6*g. Calculate the greatest common divisor of g and 85.
17
Let c = 5 + -8. Let v be (1/(-2))/(c/384). Calculate the greatest common factor of v and 8.
8
Let h = -63 - -80. Let z be (-1)/(36/(-34) + 1). What is the highest common divisor of z and h?
17
Let z(n) = 8*n**2 + 3*n - 61. Let c be z(5). Let k(y) = y**2 - 3*y - 4. Let q be k(-3). Calculate the highest common divisor of q and c.
14
Let m(s) = -s**3 + 4*s**2 + 6*s - 3. Let d be m(5). Suppose -d = -c - 1. Suppose -57 = -2*b - 47. What is the greatest common divisor of c and b?
1
Suppose 7*t - 5*t = 60. What is the greatest common divisor of t and 15?
15
Suppose 4*l = -0*l. Suppose l = 2*i - 4*i + 98. Calculate the highest common divisor of 7 and i.
7
Suppose -360 = r - 5*r. Calculate the highest common factor of r and 30.
30
Let t = 12 - 9. Let j be -3 + t + -2 + 14. Calculate the highest common factor of 12 and j.
12
Let s = -16 + 30. Let p(f) = f + 9. Let o be p(-8). Let h = s + o. Calculate the highest common divisor of h and 45.
15
Let y be 177/3 - 1 - (-4 + 2). Calculate the highest common factor of y and 12.
12
Suppose 0 = -4*l + 5*f + 100, 2*l - 4*l + 3*f = -52. Calculate the highest common divisor of l and 4.
4
Let o be (-138)/(-30) + -1 + 7/5. Calculate the greatest common factor of 5 and o.
5
Let l be 1706/10 + 4/10. Suppose -66 = -4*h + 5*f + l, -f = -2*h + 123. Calculate the greatest common divisor of 7 and h.
7
Let f be -2 - (-1)/((-2)/20). Let s be ((-117)/f)/(2/8). What is the greatest common divisor of s and 13?
13
Suppose -4*p = -0*p - 60. What is the highest common factor of p and 6?
3
Let g(x) = x**2 - 16*x + 8. Let y be g(18). What is the greatest common divisor of y and 22?
22
Let j = 1 - -2. Suppose p - 204 = -5*c, 4*c = j*p + 92 + 56. Calculate the greatest common factor of c and 8.
8
Suppose 5*y = -6 - 24. Let o be y/9 + (-10)/(-6). What is the highest common factor of 5 and o?
1
Let l = 1 - -1. Let s be (-3)/2*(-96)/9. Supp